{"id":10055,"date":"2024-07-01T08:59:21","date_gmt":"2024-07-01T11:59:21","guid":{"rendered":"https:\/\/humanas.unsl.edu.ar\/?page_id=10055"},"modified":"2024-09-17T20:23:54","modified_gmt":"2024-09-17T23:23:54","slug":"redestrado-responsables","status":"publish","type":"page","link":"https:\/\/humanas.unsl.edu.ar\/index.php\/inicio\/redestrado\/redestrado-responsables\/","title":{"rendered":"redestrado-responsables"},"content":{"rendered":"\n<figure class=\"wp-block-image size-full\"><img decoding=\"async\" loading=\"lazy\" width=\"1343\" height=\"400\" src=\"https:\/\/humanas.unsl.edu.ar\/wp-content\/uploads\/2024\/06\/banner_estrado_web.png\" alt=\"\" class=\"wp-image-9819\" srcset=\"https:\/\/humanas.unsl.edu.ar\/wp-content\/uploads\/2024\/06\/banner_estrado_web.png 1343w, https:\/\/humanas.unsl.edu.ar\/wp-content\/uploads\/2024\/06\/banner_estrado_web-300x89.png 300w, https:\/\/humanas.unsl.edu.ar\/wp-content\/uploads\/2024\/06\/banner_estrado_web-1024x305.png 1024w, https:\/\/humanas.unsl.edu.ar\/wp-content\/uploads\/2024\/06\/banner_estrado_web-768x229.png 768w\" sizes=\"(max-width: 1343px) 100vw, 1343px\" \/><\/figure>\n\n\n\n<hr class=\"wp-block-separator has-text-color has-luminous-vivid-orange-color has-alpha-channel-opacity has-luminous-vivid-orange-background-color has-background is-style-wide\"\/>\n\n\n\n<h4 class=\"has-white-color has-luminous-vivid-orange-background-color has-text-color has-background\"><strong>Responsables<\/strong><\/h4>\n\n\n\n<div class=\"is-layout-flex wp-container-19 wp-block-columns alignwide\" style=\"border-style:none;border-width:0px;padding-top:var(--wp--preset--spacing--20);padding-right:var(--wp--preset--spacing--20);padding-bottom:var(--wp--preset--spacing--20);padding-left:var(--wp--preset--spacing--20)\">\n<div class=\"is-content-justification-center is-layout-constrained wp-container-15 wp-block-column has-ast-global-color-5-background-color has-background\" style=\"border-style:none;border-width:0px;flex-basis:90%\">\n<h4 class=\"has-text-align-center\"><\/h4>\n\n\n\n<div style=\"height:10px\" aria-hidden=\"true\" class=\"wp-block-spacer\"><\/div>\n\n\n\n<h4 class=\"has-text-align-center\">INSTITUCIONES ORGANIZADORAS<\/h4>\n\n\n\n<p><\/p>\n\n\n\n<div class=\"is-layout-flex wp-container-2 wp-block-columns\">\n<div class=\"is-layout-flow wp-block-column\" style=\"flex-basis:100%\"><\/div>\n<\/div>\n\n\n\n<div class=\"is-layout-flex wp-container-6 wp-block-columns\">\n<div class=\"is-layout-flow wp-block-column\">\n<figure class=\"wp-block-image size-full\"><a href=\"https:\/\/redeestrado.org\/\"><img decoding=\"async\" loading=\"lazy\" width=\"300\" height=\"200\" src=\"https:\/\/humanas.unsl.edu.ar\/wp-content\/uploads\/2024\/07\/logo_red_estrado_texto.png\" alt=\"\" class=\"wp-image-10065\"\/><\/a><\/figure>\n<\/div>\n\n\n\n<div class=\"is-layout-flow wp-block-column\">\n<figure class=\"wp-block-image size-full\"><a href=\"https:\/\/humanas.unsl.edu.ar\/\"><img decoding=\"async\" loading=\"lazy\" width=\"300\" height=\"200\" src=\"https:\/\/humanas.unsl.edu.ar\/wp-content\/uploads\/2024\/07\/logo_fch_unsl_300x200.png\" alt=\"\" class=\"wp-image-10063\"\/><\/a><\/figure>\n<\/div>\n\n\n\n<div class=\"is-layout-flow wp-block-column\">\n<figure class=\"wp-block-image size-full is-resized\"><a href=\"https:\/\/ifdcsl.edu.ar\/\"><img decoding=\"async\" loading=\"lazy\" src=\"https:\/\/humanas.unsl.edu.ar\/wp-content\/uploads\/2024\/07\/logo_ifdcsl_300x200.png\" alt=\"\" class=\"wp-image-10064\" width=\"300\" height=\"200\"\/><\/a><\/figure>\n<\/div>\n<\/div>\n\n\n\n<div class=\"is-layout-flex wp-container-10 wp-block-columns\">\n<div class=\"is-layout-flow wp-block-column\">\n<figure class=\"wp-block-image size-full\"><a href=\"https:\/\/www.clacso.org\/\"><img decoding=\"async\" loading=\"lazy\" width=\"300\" height=\"200\" src=\"https:\/\/humanas.unsl.edu.ar\/wp-content\/uploads\/2024\/07\/logo_clacso_texto.png\" alt=\"\" class=\"wp-image-10060\"\/><\/a><\/figure>\n<\/div>\n\n\n\n<div class=\"is-layout-flow wp-block-column\">\n<figure class=\"wp-block-image size-full\"><a href=\"https:\/\/ctera.org.ar\/\"><img decoding=\"async\" loading=\"lazy\" width=\"300\" height=\"200\" src=\"https:\/\/humanas.unsl.edu.ar\/wp-content\/uploads\/2024\/07\/logo_cetera_texto.png\" alt=\"\" class=\"wp-image-10059\"\/><\/a><\/figure>\n<\/div>\n\n\n\n<div class=\"is-layout-flow wp-block-column\">\n<figure class=\"wp-block-image size-full\"><a href=\"https:\/\/conadu.org.ar\/\"><img decoding=\"async\" loading=\"lazy\" width=\"300\" height=\"200\" src=\"https:\/\/humanas.unsl.edu.ar\/wp-content\/uploads\/2024\/07\/logo_conadu_texto.png\" alt=\"\" class=\"wp-image-10062\"\/><\/a><\/figure>\n<\/div>\n<\/div>\n\n\n\n<p><\/p>\n\n\n\n<div class=\"is-layout-flex wp-container-14 wp-block-columns\">\n<div class=\"is-layout-flow wp-block-column\"><\/div>\n\n\n\n<div class=\"is-layout-flow wp-block-column\">\n<figure class=\"wp-block-image size-full\"><a href=\"https:\/\/conaduhistorica.org.ar\/\"><img decoding=\"async\" loading=\"lazy\" width=\"272\" height=\"78\" src=\"https:\/\/humanas.unsl.edu.ar\/wp-content\/uploads\/2024\/07\/logo_conadu_historica_texto.png\" alt=\"\" class=\"wp-image-10061\"\/><\/a><\/figure>\n<\/div>\n\n\n\n<div class=\"is-layout-flow wp-block-column\"><\/div>\n<\/div>\n\n\n\n<p><\/p>\n\n\n\n<h4 class=\"has-text-align-center\"><strong>COMIT\u00c9 CIENT\u00cdFICO<\/strong><\/h4>\n\n\n\n<p class=\"has-text-align-center has-ast-global-color-8-color has-text-color\"><strong>Alejandra Birgin (UBA \u2013 UNIPE); Alejandro Vassiliades (UBA \u2013 UNLP); Alicia Carranza (UNC); Alicia Villa (UNLP); Amalia Homar (UADER); Anah\u00ed Guelman (UBA); Andrea Alliaud (UBA); Barbara Briscioli (UNGS-UNO); Celia Salit (UNC); Claudia Bracchi (UNLP); Clotilde De Pauw (UNSL); Daniel Suarez (UBA); Deolidia Mart\u00ednez (CTERA); Esther Levy (UBA-FEDUBA); Fernanda Saforcada (UBA-UNSAM); Flavia Terigi (UBA-UNGS); Flora Hillert (UBA); Gabriela Diker (UNGS); Gabriela Lamelas (UNC); Germ\u00e1n Canteros (UNER); Gloria Edelstein (UNC); Graciela Morgade (UBA); Guadalupe Molina (UNC); Javier R\u00edos (UADER); Lucia Caride (UBA-UNLP); Mae Mart\u00ednez (UNLP); Marcela Sosa (UNC); Mar\u00eda Gracia Benedetti (UADER); Ma. Jos\u00e9 Draghi (UNLP); Mar\u00eda Jos\u00e9 Laurente (UNCOMA); Ma. Rosa Misuraca (UNLu); Miguel Duhalde (CTERA); M\u00f3nica Pini (UNSAM); Myriam Feldfeber (UBA); Myriam Southwell (UNLP); Nora Alterman (UNC); Natalia Fattore (UNR); Nora Gluz (UBA); Octavio Falconi Novillo (UNC); Pablo Imen (UNLu-IDELCOOP); Pablo Pineau (UBA); Patricia Delgado (UNNE); Patricia Redondo (UNLP); Perla Zelmanovich (FLACSO); Ra\u00fal A. Menghini (UNS); Rosario Badano (UADER-UNER); Roxana Perazza (UNIPE); Silvia Almazan (SUTEBA); Silvia Barco (UNCO); Silvia Llomovatte (UBA); Silvia Servetto (UNC); Sof\u00eda Thisted (UBA); Sonia Alesso (CTERA); Stella Maris M\u00e1s Rocha (UNSAM- UNLu); Susana Celman (UNER); Susana Schoo (UBA); Teresa Artieda (UNNE); Vanesa L\u00f3pez (UNC); Ver\u00f3nica Piovani (UMET-UNLP); Viviana Seoane (UNLP); Yamile Socolovsky (CONADU); Marcela Dominguez (UNLPam):&nbsp; Lisandro Hormaeche (UNLPam), Nora Llaver (UNCUYO), Paola Valdemar\u00edn (UNPA); Mar\u00eda Rosa Goldar (UNCUYO); Silvana Peralta (UNSJ), Carina Fraca (UNSJ); Diego Scriboni (IFDC SL).<\/strong><\/p>\n\n\n\n<p><\/p>\n\n\n\n<div style=\"height:100px\" aria-hidden=\"true\" class=\"wp-block-spacer\"><\/div>\n\n\n\n<p><\/p>\n\n\n\n<h4 class=\"has-text-align-center\"><strong>COMISI\u00d3N ORGANIZADORA<\/strong><\/h4>\n\n\n\n<p><\/p>\n\n\n\n<figure class=\"wp-block-table aligncenter has-medium-font-size\"><table class=\"has-fixed-layout\"><tbody><tr><td class=\"has-text-align-center\" data-align=\"center\"><strong>Andrea Imberti (IFDC SL)<br>Natali Carranza (IFDC SL)<br>Gabriela Funcia (IFDC SL)<br>Maria Fabiana Barroso (IFDC SL)<br>Cecilia Pacheco\u00a0 (IFDC SL),<br>Diego Scriboni (IFDC SL)<br>Cintia S\u00e1nchez (UNSL)<br>Gabriela Luciano (UNSL)<br>Marcelo Romero (UNSL)<br>Valeria Pasqualini (UNSL)<br>Leticia Vanucci\u00a0 (UNSL)<br>Ana Laura Cesar (IFDC SL)<br>Clotilde De Pauw (UNSL)<\/strong><br><strong>Itat\u00ed Arce (UNSL)<\/strong><br><strong>Cristina Girao (IFDC SL)<\/strong><\/td><td class=\"has-text-align-center\" data-align=\"center\"><strong>Ana Mar\u00edn (IFDC SL)<br>Ana Paula Piretro (UNSL)<br>Eliana Fazio (Escuela N\u00ba 423 \u201cJuan Manuel de Rosas\u201d)<br>Diego Costa (ADU)<br>Jimena Juri Ayub (SIDIU)<br>Patricia Bonnemezon (Jard\u00edn Maternal UNSL)<br>Claudia Belardinelli (UNSL)<br>Claudia Cavallero (UNSL)<br>Mara Campanella (UNSL)<br>Marisol Martin (UNSL)<br>Carina Ben\u00edtez (UNSL)<br>Oscar Ojeda (UNSL)<\/strong><\/td><\/tr><\/tbody><\/table><\/figure>\n<\/div>\n\n\n\n<div class=\"is-layout-flow wp-block-column has-ast-global-color-6-background-color has-background\" style=\"flex-basis:30%\">\n<div style=\"height:45px\" aria-hidden=\"true\" class=\"wp-block-spacer\"><\/div>\n\n\n\n<div class=\"is-content-justification-center is-layout-flex wp-container-16 wp-block-buttons\">\n<div class=\"wp-block-button has-custom-width wp-block-button__width-75 has-custom-font-size has-large-font-size\"><a class=\"wp-block-button__link has-ast-global-color-5-color has-vivid-red-background-color has-text-color has-background wp-element-button\" href=\"https:\/\/drive.google.com\/drive\/folders\/1_7sYjv8FCkM14TsBat29frqPoNHEgWhk\" style=\"border-radius:6px\" target=\"_blank\" rel=\"noreferrer noopener\"><strong>Certificados<\/strong><\/a><\/div>\n\n\n\n<div class=\"wp-block-button has-custom-width wp-block-button__width-75\"><a class=\"wp-block-button__link has-ast-global-color-5-color has-luminous-vivid-orange-background-color has-text-color has-background wp-element-button\" href=\"https:\/\/humanas.unsl.edu.ar\/index.php\/inicio\/educo\/\" style=\"border-radius:6px\"><strong>Inicio<\/strong><\/a><\/div>\n\n\n\n<div class=\"wp-block-button has-custom-width wp-block-button__width-75\"><a class=\"wp-block-button__link has-ast-global-color-5-color has-luminous-vivid-orange-background-color has-text-color has-background wp-element-button\" href=\"https:\/\/humanas.unsl.edu.ar\/index.php\/inicio\/educo\/educo-objetivos\/\" style=\"border-radius:6px\"><strong>Objetivos<\/strong><\/a><\/div>\n\n\n\n<div class=\"wp-block-button has-custom-width wp-block-button__width-75\"><a class=\"wp-block-button__link has-ast-global-color-5-color has-luminous-vivid-orange-background-color has-text-color has-background wp-element-button\" href=\"https:\/\/humanas.unsl.edu.ar\/index.php\/inicio\/educo\/educo-ejes-tematicos\/\" style=\"border-radius:6px\"><strong>Ejes Tem\u00e1ticos<\/strong><\/a><\/div>\n\n\n\n<div class=\"wp-block-button has-custom-width wp-block-button__width-75\"><a class=\"wp-block-button__link has-ast-global-color-5-color has-luminous-vivid-orange-background-color has-text-color has-background wp-element-button\" href=\"https:\/\/humanas.unsl.edu.ar\/index.php\/inicio\/educo\/educo-circulares\/\" style=\"border-radius:6px\"><strong>Circulares<\/strong><\/a><\/div>\n\n\n\n<div class=\"wp-block-button has-custom-width wp-block-button__width-75\"><a class=\"wp-block-button__link has-ast-global-color-5-color has-luminous-vivid-orange-background-color has-text-color has-background wp-element-button\" href=\"https:\/\/humanas.unsl.edu.ar\/index.php\/inicio\/educo\/educo-programa\/\" style=\"border-radius:6px\"><strong>Programa<\/strong><\/a><\/div>\n\n\n\n<div class=\"wp-block-button has-custom-width wp-block-button__width-75\"><a class=\"wp-block-button__link has-ast-global-color-5-color has-luminous-vivid-orange-background-color has-text-color has-background wp-element-button\" href=\"https:\/\/humanas.unsl.edu.ar\/index.php\/inicio\/educo\/educo-inscripcion\/\" style=\"border-radius:6px\"><strong>Inscripci\u00f3n<\/strong><\/a><\/div>\n\n\n\n<div class=\"wp-block-button has-custom-width wp-block-button__width-75\"><a class=\"wp-block-button__link has-ast-global-color-5-color has-luminous-vivid-orange-background-color has-text-color has-background wp-element-button\" href=\"https:\/\/humanas.unsl.edu.ar\/index.php\/inicio\/educo\/educo-aranceles\/\" style=\"border-radius:6px\"><strong>Aranceles<\/strong><\/a><\/div>\n<\/div>\n\n\n\n<p><\/p>\n\n\n\n<div style=\"height:90px\" aria-hidden=\"true\" class=\"wp-block-spacer\"><\/div>\n\n\n\n<figure class=\"wp-block-image aligncenter size-full is-resized\"><img decoding=\"async\" loading=\"lazy\" src=\"https:\/\/humanas.unsl.edu.ar\/wp-content\/uploads\/2024\/06\/logo_red_estrado_2023.jpg\" alt=\"\" class=\"wp-image-9844\" width=\"137\" height=\"123\"\/><\/figure>\n\n\n\n<div style=\"height:20px\" aria-hidden=\"true\" class=\"wp-block-spacer\"><\/div>\n\n\n<form role=\"search\" method=\"get\" action=\"https:\/\/humanas.unsl.edu.ar\/\" class=\"wp-block-search__button-outside wp-block-search__text-button aligncenter wp-block-search\"><label for=\"wp-block-search__input-17\" class=\"wp-block-search__label\" >                             Buscar<\/label><div class=\"wp-block-search__inside-wrapper \"  style=\"width: 225px\"><input type=\"search\" id=\"wp-block-search__input-17\" class=\"wp-block-search__input wp-block-search__input\" name=\"s\" value=\"\" placeholder=\"ingreso\"  style=\"border-width: 0px;border-style: none;border-radius: 7px\" required \/><button type=\"submit\" class=\"wp-block-search__button has-background has-vivid-red-background-color wp-element-button\"  style=\"border-width: 0px;border-style: none;border-radius: 7px\" >Buscar<\/button><\/div><\/form>\n\n\n<div style=\"height:20px\" aria-hidden=\"true\" class=\"wp-block-spacer\"><\/div>\n<\/div>\n<\/div>\n\n\n\n<div style=\"height:28px\" aria-hidden=\"true\" class=\"wp-block-spacer\"><\/div>\n","protected":false},"excerpt":{"rendered":"<p>Responsables INSTITUCIONES ORGANIZADORAS COMIT\u00c9 CIENT\u00cdFICO Alejandra Birgin (UBA \u2013 UNIPE); Alejandro Vassiliades (UBA \u2013 UNLP); Alicia Carranza (UNC); Alicia Villa (UNLP); Amalia Homar (UADER); Anah\u00ed Guelman (UBA); Andrea Alliaud (UBA); Barbara Briscioli (UNGS-UNO); Celia Salit (UNC); Claudia Bracchi (UNLP); Clotilde De Pauw (UNSL); Daniel Suarez (UBA); Deolidia Mart\u00ednez (CTERA); Esther Levy (UBA-FEDUBA); Fernanda Saforcada (UBA-UNSAM); &hellip;<\/p>\n<p class=\"read-more\"> <a class=\"\" href=\"https:\/\/humanas.unsl.edu.ar\/index.php\/inicio\/redestrado\/redestrado-responsables\/\"> <span class=\"screen-reader-text\">redestrado-responsables<\/span> Leer m\u00e1s &raquo;<\/a><\/p>\n","protected":false},"author":1,"featured_media":0,"parent":9818,"menu_order":4,"comment_status":"closed","ping_status":"closed","template":"","meta":{"site-sidebar-layout":"default","site-content-layout":"","ast-site-content-layout":"default","site-content-style":"default","site-sidebar-style":"default","ast-global-header-display":"","ast-banner-title-visibility":"","ast-main-header-display":"","ast-hfb-above-header-display":"","ast-hfb-below-header-display":"","ast-hfb-mobile-header-display":"","site-post-title":"","ast-breadcrumbs-content":"","ast-featured-img":"","footer-sml-layout":"","theme-transparent-header-meta":"","adv-header-id-meta":"","stick-header-meta":"","header-above-stick-meta":"","header-main-stick-meta":"","header-below-stick-meta":"","astra-migrate-meta-layouts":"set","ast-page-background-enabled":"default","ast-page-background-meta":{"desktop":{"background-color":"var(--ast-global-color-4)","background-image":"","background-repeat":"repeat","background-position":"center center","background-size":"auto","background-attachment":"scroll","background-type":"","background-media":"","overlay-type":"","overlay-color":"","overlay-gradient":""},"tablet":{"background-color":"","background-image":"","background-repeat":"repeat","background-position":"center center","background-size":"auto","background-attachment":"scroll","background-type":"","background-media":"","overlay-type":"","overlay-color":"","overlay-gradient":""},"mobile":{"background-color":"","background-image":"","background-repeat":"repeat","background-position":"center center","background-size":"auto","background-attachment":"scroll","background-type":"","background-media":"","overlay-type":"","overlay-color":"","overlay-gradient":""}},"ast-content-background-meta":{"desktop":{"background-color":"var(--ast-global-color-5)","background-image":"","background-repeat":"repeat","background-position":"center center","background-size":"auto","background-attachment":"scroll","background-type":"","background-media":"","overlay-type":"","overlay-color":"","overlay-gradient":""},"tablet":{"background-color":"var(--ast-global-color-5)","background-image":"","background-repeat":"repeat","background-position":"center center","background-size":"auto","background-attachment":"scroll","background-type":"","background-media":"","overlay-type":"","overlay-color":"","overlay-gradient":""},"mobile":{"background-color":"var(--ast-global-color-5)","background-image":"","background-repeat":"repeat","background-position":"center center","background-size":"auto","background-attachment":"scroll","background-type":"","background-media":"","overlay-type":"","overlay-color":"","overlay-gradient":""}}},"_links":{"self":[{"href":"https:\/\/humanas.unsl.edu.ar\/index.php\/wp-json\/wp\/v2\/pages\/10055"}],"collection":[{"href":"https:\/\/humanas.unsl.edu.ar\/index.php\/wp-json\/wp\/v2\/pages"}],"about":[{"href":"https:\/\/humanas.unsl.edu.ar\/index.php\/wp-json\/wp\/v2\/types\/page"}],"author":[{"embeddable":true,"href":"https:\/\/humanas.unsl.edu.ar\/index.php\/wp-json\/wp\/v2\/users\/1"}],"replies":[{"embeddable":true,"href":"https:\/\/humanas.unsl.edu.ar\/index.php\/wp-json\/wp\/v2\/comments?post=10055"}],"version-history":[{"count":14,"href":"https:\/\/humanas.unsl.edu.ar\/index.php\/wp-json\/wp\/v2\/pages\/10055\/revisions"}],"predecessor-version":[{"id":10846,"href":"https:\/\/humanas.unsl.edu.ar\/index.php\/wp-json\/wp\/v2\/pages\/10055\/revisions\/10846"}],"up":[{"embeddable":true,"href":"https:\/\/humanas.unsl.edu.ar\/index.php\/wp-json\/wp\/v2\/pages\/9818"}],"wp:attachment":[{"href":"https:\/\/humanas.unsl.edu.ar\/index.php\/wp-json\/wp\/v2\/media?parent=10055"}],"curies":[{"name":"wp","href":"https:\/\/api.w.org\/{rel}","templated":true}]}}