{"id":10766,"date":"2024-09-06T19:26:17","date_gmt":"2024-09-06T22:26:17","guid":{"rendered":"https:\/\/humanas.unsl.edu.ar\/?page_id=10766"},"modified":"2024-09-09T19:43:54","modified_gmt":"2024-09-09T22:43:54","slug":"red-estrado-alojamiento","status":"publish","type":"page","link":"https:\/\/humanas.unsl.edu.ar\/index.php\/inicio\/redestrado\/red-estrado-alojamiento\/","title":{"rendered":"redestrado-alojamiento"},"content":{"rendered":"\n<figure class=\"wp-block-image size-full\"><img decoding=\"async\" loading=\"lazy\" width=\"1343\" height=\"400\" src=\"https:\/\/humanas.unsl.edu.ar\/wp-content\/uploads\/2024\/06\/banner_estrado_web.png\" alt=\"\" class=\"wp-image-9819\" srcset=\"https:\/\/humanas.unsl.edu.ar\/wp-content\/uploads\/2024\/06\/banner_estrado_web.png 1343w, https:\/\/humanas.unsl.edu.ar\/wp-content\/uploads\/2024\/06\/banner_estrado_web-300x89.png 300w, https:\/\/humanas.unsl.edu.ar\/wp-content\/uploads\/2024\/06\/banner_estrado_web-1024x305.png 1024w, https:\/\/humanas.unsl.edu.ar\/wp-content\/uploads\/2024\/06\/banner_estrado_web-768x229.png 768w\" sizes=\"(max-width: 1343px) 100vw, 1343px\" \/><\/figure>\n\n\n\n<hr class=\"wp-block-separator has-text-color has-luminous-vivid-orange-color has-alpha-channel-opacity has-luminous-vivid-orange-background-color has-background is-style-wide\"\/>\n\n\n\n<h4 class=\"has-white-color has-luminous-vivid-orange-background-color has-text-color has-background\"><strong>Gu\u00eda de alojamiento en la Ciudad de San Luis<\/strong><\/h4>\n\n\n\n<div class=\"is-layout-flex wp-container-5 wp-block-columns alignwide is-not-stacked-on-mobile\" style=\"border-style:none;border-width:0px;padding-top:var(--wp--preset--spacing--20);padding-right:var(--wp--preset--spacing--20);padding-bottom:var(--wp--preset--spacing--20);padding-left:var(--wp--preset--spacing--20)\">\n<div class=\"is-layout-flow wp-block-column has-ast-global-color-5-background-color has-background\" style=\"border-style:none;border-width:0px;flex-basis:70%\">\n<div style=\"height:30px\" aria-hidden=\"true\" class=\"wp-block-spacer\"><\/div>\n\n\n\n<h5 class=\"has-white-color has-luminous-vivid-amber-background-color has-text-color has-background has-medium-font-size\"><strong>Alojamiento solidario<\/strong><\/h5>\n\n\n\n<blockquote class=\"wp-block-quote\">\n<p>El <strong>Comit\u00e9 Organizador del VI Seminario Nacional de la Red ESTRADO<\/strong> promueve la participaci\u00f3n de las personas interesadas propiciando la vinculaci\u00f3n entre asistentes que requieren alojamiento y oferentes de los mismos, ya sea en forma gratuita o a bajo costo. Para anotarse, acceder al siguiente <a href=\"https:\/\/forms.gle\/S9R2WdDsRJ57syCN9\"><strong>formulario<\/strong><\/a><\/p>\n<\/blockquote>\n\n\n\n<h4 class=\"has-white-color has-luminous-vivid-orange-background-color has-text-color has-background has-medium-font-size\"><strong>1.- Hoteles en la Ciudad de San Luis<\/strong><\/h4>\n\n\n\n<div style=\"height:30px\" aria-hidden=\"true\" class=\"wp-block-spacer\"><\/div>\n\n\n\n<div class=\"wp-block-media-text alignwide\" style=\"grid-template-columns:26% auto\"><figure class=\"wp-block-media-text__media\"><img decoding=\"async\" loading=\"lazy\" width=\"197\" height=\"198\" src=\"https:\/\/humanas.unsl.edu.ar\/wp-content\/uploads\/2024\/09\/hotel-belgrano-1.png\" alt=\"\" class=\"wp-image-10779 size-full\" srcset=\"https:\/\/humanas.unsl.edu.ar\/wp-content\/uploads\/2024\/09\/hotel-belgrano-1.png 197w, https:\/\/humanas.unsl.edu.ar\/wp-content\/uploads\/2024\/09\/hotel-belgrano-1-150x150.png 150w\" sizes=\"(max-width: 197px) 100vw, 197px\" \/><\/figure><div class=\"wp-block-media-text__content\">\n<p class=\"has-luminous-vivid-orange-color has-text-color has-medium-font-size\"><strong>Hotel Belgrano<\/strong><\/p>\n\n\n\n<p class=\"wp-elements-b3fe869a0bf4d22662120d381064442e has-link-color\" style=\"font-size:15px\">Direcci\u00f3n: Belgrano 1440. A pocas cuadras del centro de San Luis<br>Tel\u00e9fono: 0266 441-0998<br>Email: <a href=\"mailto:consultas@belgranohotel.com.ar\">consultas@belgranohotel.com.ar<\/a> <br>Web: <a href=\"http:\/\/www.belgranohotel.com.ar\">www.belgranohotel.com.ar<\/a><br>Habitaci\u00f3n en base doble, triple, cu\u00e1druple y qu\u00edntuple.<br>Todas incluyen desayuno y cochera.<br>Medios de pago: efectivo,mercado pago, tarjeta de cr\u00e9dito, d\u00e9bito, transferencia.<\/p>\n<\/div><\/div>\n\n\n\n<div style=\"height:30px\" aria-hidden=\"true\" class=\"wp-block-spacer\"><\/div>\n\n\n\n<div class=\"wp-block-media-text alignwide is-stacked-on-mobile\" style=\"grid-template-columns:27% auto\"><figure class=\"wp-block-media-text__media\"><img decoding=\"async\" loading=\"lazy\" width=\"216\" height=\"163\" src=\"https:\/\/humanas.unsl.edu.ar\/wp-content\/uploads\/2024\/09\/hotel-el-camino.png\" alt=\"\" class=\"wp-image-10780 size-full\"\/><\/figure><div class=\"wp-block-media-text__content\">\n<p class=\"has-luminous-vivid-orange-color has-text-color has-medium-font-size\"><strong>Hotel del Camino San Luis<\/strong><\/p>\n\n\n\n<p class=\"wp-elements-3f021ea8ad43d669c3e6783f24148ef1 has-link-color\" style=\"font-size:15px\">Direcci\u00f3n: Ruta 20 KM 4.5. A pasos de la Terminal de San Luis EDIRO<br>Tel\u00e9fono: 0266 475-8795<br>Email: <a href=\"mailto:hoteldelcaminosl@gmail.com\">hoteldelcaminosl@gmail.com<\/a><br>Incluye: Estacionamiento, ba\u00f1o privado, TV, Servicio de habitaci\u00f3n, WI FI, desayuno<br>Habitaciones: single, doble, triple, cu\u00e1druple, qu\u00edntuple.<br>Recibimos mercado pago.<br>Las reservas se toman con el 20% de anticipo.<br>Horario de ingreso: 14 hs \/\/  Horario de egreso: 10 hs<\/p>\n<\/div><\/div>\n\n\n\n<div style=\"height:30px\" aria-hidden=\"true\" class=\"wp-block-spacer\"><\/div>\n\n\n\n<div class=\"wp-block-media-text alignwide is-stacked-on-mobile\" style=\"grid-template-columns:27% auto\"><figure class=\"wp-block-media-text__media\"><img decoding=\"async\" loading=\"lazy\" width=\"216\" height=\"163\" src=\"https:\/\/humanas.unsl.edu.ar\/wp-content\/uploads\/2024\/09\/hotel-punta-lavalle.png\" alt=\"\" class=\"wp-image-10782 size-full\"\/><\/figure><div class=\"wp-block-media-text__content\">\n<p class=\"has-luminous-vivid-orange-color has-text-color has-medium-font-size\"><strong>Hotel Punta Lavalle<\/strong><\/p>\n\n\n\n<p class=\"wp-elements-72c4fffd88f778020ad48b3980043c89 has-link-color\" style=\"font-size:16px\">Direcci\u00f3n: Lavalle 336. Ubicado dentro de las cuatro avenidas principales del centro de San Luis.<br>Tel\u00e9fono: 0266 512-7932<br>Email: <a href=\"mailto:hotelpuntalavalle@gmail.com\">hotelpuntalavalle@gmail.com<\/a><br>Habitaciones: single, doble, triple, cu\u00e1druple.<br>Alojamiento con todos los servicios de ropa blanca, wifi,<br>calefacci\u00f3n central y tv digital en todas las habitaciones.<\/p>\n<\/div><\/div>\n\n\n\n<div style=\"height:30px\" aria-hidden=\"true\" class=\"wp-block-spacer\"><\/div>\n\n\n\n<div class=\"wp-block-media-text alignwide is-stacked-on-mobile\" style=\"grid-template-columns:27% auto\"><figure class=\"wp-block-media-text__media\"><img decoding=\"async\" loading=\"lazy\" width=\"216\" height=\"163\" src=\"https:\/\/humanas.unsl.edu.ar\/wp-content\/uploads\/2024\/09\/hotel-pueblo-huarpes.png\" alt=\"\" class=\"wp-image-10781 size-full\"\/><\/figure><div class=\"wp-block-media-text__content\">\n<p class=\"has-luminous-vivid-orange-color has-text-color has-medium-font-size\"><strong>Hotel Pueblo Huarpes<\/strong><\/p>\n\n\n\n<p class=\"wp-elements-0e91f4e3125cf24ad6667161948c90b2 has-link-color\" style=\"font-size:15px\">Direcci\u00f3n: Belgrano 1568.<br>Ubicado a 7 cuadras de la zona peatonal, la catedral y la plaza principal.<br>Tel\u00e9fono: 0266 440-5348<br>Email: <a href=\"mailto:reservas@huarpeshotel.com.ar\">reservas@huarpeshotel.com.ar<\/a><br>Habitaci\u00f3n en base doble, triple o cu\u00e1druple<br>La tarifa de alojamiento incluye: desayuno buffet, tambi\u00e9n incluye cochera cubierta sujeta a disponibilidad y piscina al aire libre.<br>Medios de pago: Tarjetas de cr\u00e9dito\/d\u00e9bito: Visa, Mastercard, Cabal o American Express.<\/p>\n<\/div><\/div>\n\n\n\n<div style=\"height:30px\" aria-hidden=\"true\" class=\"wp-block-spacer\"><\/div>\n\n\n\n<h4 class=\"has-white-color has-luminous-vivid-amber-background-color has-text-color has-background has-medium-font-size\"><strong>2.- Predios deportivos en la Ciudad de San Luis<\/strong><\/h4>\n\n\n\n<div style=\"height:30px\" aria-hidden=\"true\" class=\"wp-block-spacer\"><\/div>\n\n\n\n<div class=\"wp-block-media-text alignwide is-stacked-on-mobile\" style=\"grid-template-columns:27% auto\"><figure class=\"wp-block-media-text__media\"><img decoding=\"async\" loading=\"lazy\" width=\"197\" height=\"142\" src=\"https:\/\/humanas.unsl.edu.ar\/wp-content\/uploads\/2024\/09\/predio-velodromo.png\" alt=\"\" class=\"wp-image-10784 size-full\"\/><\/figure><div class=\"wp-block-media-text__content\">\n<p class=\"has-luminous-vivid-orange-color has-text-color has-medium-font-size\"><strong>Vel\u00f3dromo Provincial<\/strong><\/p>\n\n\n\n<p class=\"wp-elements-b35cb69f4670c5e909d7fd07a7235654 has-link-color\" style=\"font-size:15px\">Direcci\u00f3n: Ruta N\u00b0 19 y Ruta N\u00b0 3 extremo sur.<br>A 4 km de la Universidad Nacional de San Luis.<br>Ubicaci\u00f3n en google maps: <a href=\"https:\/\/www.google.com\/maps\/place\/Velodromo\/@-33.3128739,-66.3282824,17z\/data=!4m6!3m5!1s0x95d43c042857a8ab:0xb81c084f40b9d8f8!8m2!3d-33.3130165!4d-66.3283233!16s%2Fg%2F1ty75g8f?entry=ttu&amp;g_ep=EgoyMDI0MDkwNC4wIKXMDSoASAFQAw%3D%3D\"><strong>Vel\u00f3dromo<\/strong><\/a>. <br>Check-in: desde las 08:00 hs. hasta las 19:00 hs.<br>Horarios de salidas de hospedados durante estad\u00eda: se permitir\u00e1 el ingreso hasta las 01:00 hs.<br><strong>Precio por noche: $ 6500.-<br>Fechas disponibles: 25, 26, 27 y 28 de septiembre.<br>Contacto para reserva hasta el d\u00eda 15 de septiembre de 2024, al siguiente correo: <\/strong><a href=\"alojamientoredestradosl2024@gmail.com\"><strong>alojamientoredestradosl2024@gmail.com<\/strong><\/a><\/p>\n\n\n\n<p><\/p>\n<\/div><\/div>\n\n\n\n<div style=\"height:30px\" aria-hidden=\"true\" class=\"wp-block-spacer\"><\/div>\n<\/div>\n\n\n\n<div class=\"is-layout-flow wp-block-column has-ast-global-color-6-background-color has-background\" style=\"flex-basis:30%\">\n<div style=\"height:45px\" aria-hidden=\"true\" class=\"wp-block-spacer\"><\/div>\n\n\n\n<div class=\"is-content-justification-center is-layout-flex wp-container-2 wp-block-buttons\">\n<div class=\"wp-block-button has-custom-width wp-block-button__width-75 has-custom-font-size has-large-font-size\"><a class=\"wp-block-button__link has-ast-global-color-5-color has-vivid-red-background-color has-text-color has-background wp-element-button\" href=\"https:\/\/drive.google.com\/drive\/folders\/1_7sYjv8FCkM14TsBat29frqPoNHEgWhk\" style=\"border-radius:6px\" target=\"_blank\" rel=\"noreferrer noopener\"><strong>Certificados<\/strong><\/a><\/div>\n\n\n\n<div class=\"wp-block-button has-custom-width wp-block-button__width-75\"><a class=\"wp-block-button__link has-ast-global-color-5-color has-luminous-vivid-orange-background-color has-text-color has-background wp-element-button\" href=\"https:\/\/humanas.unsl.edu.ar\/index.php\/inicio\/educo\/\" style=\"border-radius:6px\"><strong>Inicio<\/strong><\/a><\/div>\n\n\n\n<div class=\"wp-block-button has-custom-width wp-block-button__width-75\"><a class=\"wp-block-button__link has-ast-global-color-5-color has-luminous-vivid-orange-background-color has-text-color has-background wp-element-button\" href=\"https:\/\/humanas.unsl.edu.ar\/index.php\/inicio\/educo\/educo-objetivos\/\" style=\"border-radius:6px\"><strong>Objetivos<\/strong><\/a><\/div>\n\n\n\n<div class=\"wp-block-button has-custom-width wp-block-button__width-75\"><a class=\"wp-block-button__link has-ast-global-color-5-color has-luminous-vivid-orange-background-color has-text-color has-background wp-element-button\" href=\"https:\/\/humanas.unsl.edu.ar\/index.php\/inicio\/educo\/educo-ejes-tematicos\/\" style=\"border-radius:6px\"><strong>Ejes Tem\u00e1ticos<\/strong><\/a><\/div>\n\n\n\n<div class=\"wp-block-button has-custom-width wp-block-button__width-75\"><a class=\"wp-block-button__link has-ast-global-color-5-color has-luminous-vivid-orange-background-color has-text-color has-background wp-element-button\" href=\"https:\/\/humanas.unsl.edu.ar\/index.php\/inicio\/educo\/educo-circulares\/\" style=\"border-radius:6px\"><strong>Circulares<\/strong><\/a><\/div>\n\n\n\n<div class=\"wp-block-button has-custom-width wp-block-button__width-75\"><a class=\"wp-block-button__link has-ast-global-color-5-color has-luminous-vivid-orange-background-color has-text-color has-background wp-element-button\" href=\"https:\/\/humanas.unsl.edu.ar\/index.php\/inicio\/educo\/educo-programa\/\" style=\"border-radius:6px\"><strong>Programa<\/strong><\/a><\/div>\n\n\n\n<div class=\"wp-block-button has-custom-width wp-block-button__width-75\"><a class=\"wp-block-button__link has-ast-global-color-5-color has-luminous-vivid-orange-background-color has-text-color has-background wp-element-button\" href=\"https:\/\/humanas.unsl.edu.ar\/index.php\/inicio\/educo\/educo-inscripcion\/\" style=\"border-radius:6px\"><strong>Inscripci\u00f3n<\/strong><\/a><\/div>\n\n\n\n<div class=\"wp-block-button has-custom-width wp-block-button__width-75\"><a class=\"wp-block-button__link has-ast-global-color-5-color has-luminous-vivid-orange-background-color has-text-color has-background wp-element-button\" href=\"https:\/\/humanas.unsl.edu.ar\/index.php\/inicio\/educo\/educo-aranceles\/\" style=\"border-radius:6px\"><strong>Aranceles<\/strong><\/a><\/div>\n<\/div>\n\n\n\n<div style=\"height:90px\" aria-hidden=\"true\" class=\"wp-block-spacer\"><\/div>\n\n\n\n<figure class=\"wp-block-image aligncenter size-full is-resized\"><img decoding=\"async\" loading=\"lazy\" src=\"https:\/\/humanas.unsl.edu.ar\/wp-content\/uploads\/2024\/06\/logo_red_estrado_2023.jpg\" alt=\"\" class=\"wp-image-9844\" width=\"137\" height=\"123\"\/><\/figure>\n\n\n\n<div style=\"height:20px\" aria-hidden=\"true\" class=\"wp-block-spacer\"><\/div>\n\n\n<form role=\"search\" method=\"get\" action=\"https:\/\/humanas.unsl.edu.ar\/\" class=\"wp-block-search__button-outside wp-block-search__text-button aligncenter wp-block-search\"><label for=\"wp-block-search__input-3\" class=\"wp-block-search__label\" >                             Buscar<\/label><div class=\"wp-block-search__inside-wrapper \"  style=\"width: 225px\"><input type=\"search\" id=\"wp-block-search__input-3\" class=\"wp-block-search__input wp-block-search__input\" name=\"s\" value=\"\" placeholder=\"ingreso\"  style=\"border-width: 0px;border-style: none;border-radius: 7px\" required \/><button type=\"submit\" class=\"wp-block-search__button has-background has-vivid-red-background-color wp-element-button\"  style=\"border-width: 0px;border-style: none;border-radius: 7px\" >Buscar<\/button><\/div><\/form>\n\n\n<div style=\"height:20px\" aria-hidden=\"true\" class=\"wp-block-spacer\"><\/div>\n<\/div>\n<\/div>\n","protected":false},"excerpt":{"rendered":"<p>Gu\u00eda de alojamiento en la Ciudad de San Luis Alojamiento solidario El Comit\u00e9 Organizador del VI Seminario Nacional de la Red ESTRADO promueve la participaci\u00f3n de las personas interesadas propiciando la vinculaci\u00f3n entre asistentes que requieren alojamiento y oferentes de los mismos, ya sea en forma gratuita o a bajo costo. Para anotarse, acceder al &hellip;<\/p>\n<p class=\"read-more\"> <a class=\"\" href=\"https:\/\/humanas.unsl.edu.ar\/index.php\/inicio\/redestrado\/red-estrado-alojamiento\/\"> <span class=\"screen-reader-text\">redestrado-alojamiento<\/span> Leer m\u00e1s &raquo;<\/a><\/p>\n","protected":false},"author":1,"featured_media":0,"parent":9818,"menu_order":9,"comment_status":"closed","ping_status":"closed","template":"","meta":{"site-sidebar-layout":"default","site-content-layout":"","ast-site-content-layout":"default","site-content-style":"default","site-sidebar-style":"default","ast-global-header-display":"","ast-banner-title-visibility":"","ast-main-header-display":"","ast-hfb-above-header-display":"","ast-hfb-below-header-display":"","ast-hfb-mobile-header-display":"","site-post-title":"","ast-breadcrumbs-content":"","ast-featured-img":"","footer-sml-layout":"","theme-transparent-header-meta":"","adv-header-id-meta":"","stick-header-meta":"","header-above-stick-meta":"","header-main-stick-meta":"","header-below-stick-meta":"","astra-migrate-meta-layouts":"set","ast-page-background-enabled":"default","ast-page-background-meta":{"desktop":{"background-color":"var(--ast-global-color-4)","background-image":"","background-repeat":"repeat","background-position":"center center","background-size":"auto","background-attachment":"scroll","background-type":"","background-media":"","overlay-type":"","overlay-color":"","overlay-gradient":""},"tablet":{"background-color":"","background-image":"","background-repeat":"repeat","background-position":"center center","background-size":"auto","background-attachment":"scroll","background-type":"","background-media":"","overlay-type":"","overlay-color":"","overlay-gradient":""},"mobile":{"background-color":"","background-image":"","background-repeat":"repeat","background-position":"center center","background-size":"auto","background-attachment":"scroll","background-type":"","background-media":"","overlay-type":"","overlay-color":"","overlay-gradient":""}},"ast-content-background-meta":{"desktop":{"background-color":"var(--ast-global-color-5)","background-image":"","background-repeat":"repeat","background-position":"center center","background-size":"auto","background-attachment":"scroll","background-type":"","background-media":"","overlay-type":"","overlay-color":"","overlay-gradient":""},"tablet":{"background-color":"var(--ast-global-color-5)","background-image":"","background-repeat":"repeat","background-position":"center center","background-size":"auto","background-attachment":"scroll","background-type":"","background-media":"","overlay-type":"","overlay-color":"","overlay-gradient":""},"mobile":{"background-color":"var(--ast-global-color-5)","background-image":"","background-repeat":"repeat","background-position":"center center","background-size":"auto","background-attachment":"scroll","background-type":"","background-media":"","overlay-type":"","overlay-color":"","overlay-gradient":""}}},"_links":{"self":[{"href":"https:\/\/humanas.unsl.edu.ar\/index.php\/wp-json\/wp\/v2\/pages\/10766"}],"collection":[{"href":"https:\/\/humanas.unsl.edu.ar\/index.php\/wp-json\/wp\/v2\/pages"}],"about":[{"href":"https:\/\/humanas.unsl.edu.ar\/index.php\/wp-json\/wp\/v2\/types\/page"}],"author":[{"embeddable":true,"href":"https:\/\/humanas.unsl.edu.ar\/index.php\/wp-json\/wp\/v2\/users\/1"}],"replies":[{"embeddable":true,"href":"https:\/\/humanas.unsl.edu.ar\/index.php\/wp-json\/wp\/v2\/comments?post=10766"}],"version-history":[{"count":25,"href":"https:\/\/humanas.unsl.edu.ar\/index.php\/wp-json\/wp\/v2\/pages\/10766\/revisions"}],"predecessor-version":[{"id":10819,"href":"https:\/\/humanas.unsl.edu.ar\/index.php\/wp-json\/wp\/v2\/pages\/10766\/revisions\/10819"}],"up":[{"embeddable":true,"href":"https:\/\/humanas.unsl.edu.ar\/index.php\/wp-json\/wp\/v2\/pages\/9818"}],"wp:attachment":[{"href":"https:\/\/humanas.unsl.edu.ar\/index.php\/wp-json\/wp\/v2\/media?parent=10766"}],"curies":[{"name":"wp","href":"https:\/\/api.w.org\/{rel}","templated":true}]}}