{"id":13036,"date":"2025-07-24T20:08:22","date_gmt":"2025-07-24T23:08:22","guid":{"rendered":"https:\/\/humanas.unsl.edu.ar\/?page_id=13036"},"modified":"2025-12-19T14:13:39","modified_gmt":"2025-12-19T17:13:39","slug":"educo-objetivos","status":"publish","type":"page","link":"https:\/\/humanas.unsl.edu.ar\/index.php\/inicio\/educo\/educo-objetivos\/","title":{"rendered":"educo-objetivos"},"content":{"rendered":"\n<div style=\"height:78px\" aria-hidden=\"true\" class=\"wp-block-spacer\"><\/div>\n\n\n\n<figure class=\"wp-block-image aligncenter size-full\"><img decoding=\"async\" loading=\"lazy\" width=\"1200\" height=\"166\" src=\"https:\/\/humanas.unsl.edu.ar\/wp-content\/uploads\/2025\/07\/banner_tres_logos.png\" alt=\"\" class=\"wp-image-13013\" srcset=\"https:\/\/humanas.unsl.edu.ar\/wp-content\/uploads\/2025\/07\/banner_tres_logos.png 1200w, https:\/\/humanas.unsl.edu.ar\/wp-content\/uploads\/2025\/07\/banner_tres_logos-300x42.png 300w, https:\/\/humanas.unsl.edu.ar\/wp-content\/uploads\/2025\/07\/banner_tres_logos-1024x142.png 1024w, https:\/\/humanas.unsl.edu.ar\/wp-content\/uploads\/2025\/07\/banner_tres_logos-768x106.png 768w\" sizes=\"(max-width: 1200px) 100vw, 1200px\" \/><\/figure>\n\n\n\n<div style=\"height:34px\" aria-hidden=\"true\" class=\"wp-block-spacer\"><\/div>\n\n\n\n<hr class=\"wp-block-separator has-text-color has-luminous-vivid-orange-color has-alpha-channel-opacity has-luminous-vivid-orange-background-color has-background is-style-wide\"\/>\n\n\n\n<h4 class=\"has-white-color has-luminous-vivid-orange-background-color has-text-color has-background\"><strong>Objetivos<\/strong><\/h4>\n\n\n\n<div class=\"is-layout-flex wp-container-5 wp-block-columns alignwide\" style=\"border-style:none;border-width:0px;padding-top:var(--wp--preset--spacing--20);padding-right:var(--wp--preset--spacing--20);padding-bottom:var(--wp--preset--spacing--20);padding-left:var(--wp--preset--spacing--20)\">\n<div class=\"is-content-justification-center is-layout-constrained wp-container-1 wp-block-column has-ast-global-color-5-background-color has-background\" style=\"border-style:none;border-width:0px;flex-basis:90%\">\n<blockquote class=\"wp-block-quote\">\n<h5 class=\"has-white-color has-luminous-vivid-amber-background-color has-text-color has-background\"><strong>Justificaci\u00f3n:<\/strong><\/h5>\n\n\n\n<p class=\"has-text-align-justify\">Sosteniendo las problem\u00e1ticas que constituyeron el inter\u00e9s de este evento que \u201cno basta con proclamar los valores de la igualdad, la justicia, los derechos, si esta posici\u00f3n \u00e9tica correcta no se acompa\u00f1a con un an\u00e1lisis te\u00f3rico y emp\u00edricamente fundamentado acerca de las condiciones en que se desarrollan los procesos sociales\u201d. La complejidad de la educaci\u00f3n en todos los niveles nos remite a un an\u00e1lisis profundo y acabado de la situaci\u00f3n actual que atravesamos. Lo que se establece como el objetivo de reflexi\u00f3n y acci\u00f3n de este congreso.<\/p>\n\n\n\n<p class=\"has-text-align-justify\">El estado de la educaci\u00f3n en todos sus niveles, requiere de un constante y profundo tratamiento, a fin de dar respuestas a las continuas y diversas demandas del sistema educativo que cuestionan las pr\u00e1cticas y replantean nuevos caminos a seguir.<\/p>\n\n\n\n<p class=\"has-text-align-justify\">Buscamos generar un espacio para la reflexi\u00f3n sobre los distintos actores de la nueva realidad en los contextos de la docencia, la investigaci\u00f3n y la extensi\u00f3n. \u201cEllo redunda en la consecuci\u00f3n colectiva de conocimientos que fortalecen las pr\u00e1cticas docentes en el marco de la igualdad e inclusi\u00f3n educativa\u201d.<\/p>\n\n\n\n<p class=\"has-text-align-justify\">Avanzando con la experiencia del EDUCO 2016, EDUCO 2019 y EDUCO 2022 retomamos las consideraciones en relaci\u00f3n a la educaci\u00f3n en tanto que realidad social,<\/p>\n\n\n\n<p class=\"has-text-align-justify\">invitando a un di\u00e1logo colectivo en las pr\u00e1cticas propias del sistema educativo actual a partir del reconocimiento de diferentes problem\u00e1ticas que ayuden a pensar qu\u00e9 hacemos, c\u00f3mo lo hacemos y qu\u00e9 implicancias tiene en el presente y futuro del campo educativo. Como lo sostenemos en los anteriores encuentros, \u201ceducar implica interactuar con una realidad socio-hist\u00f3rica implic\u00e1ndonos y dando cuenta de los nuevos desaf\u00edos, asumiendo que el sujeto de la educaci\u00f3n es el principal destinatario de esta\u201d.<\/p>\n\n\n\n<p class=\"has-text-align-justify\">El Congreso despliega en ejes de consideraci\u00f3n la realidad educativa que se aborda para intervenir modificando las pr\u00e1cticas y generando saberes.<\/p>\n\n\n\n<div style=\"height:50px\" aria-hidden=\"true\" class=\"wp-block-spacer\"><\/div>\n\n\n\n<h5 class=\"has-white-color has-luminous-vivid-amber-background-color has-text-color has-background\"><strong>Objetivos generales:<\/strong><\/h5>\n\n\n\n<p class=\"has-text-align-justify\">&#8211; Trabajar la realidad educativa desde un enfoque cr\u00edtico, analizarla e interpretarla en contexto, con el prop\u00f3sito de generar espacios de respuestas e intervenciones pertinentes.<\/p>\n\n\n\n<p class=\"has-text-align-justify\">&#8211; Profundizar en la problem\u00e1tica del conocimiento vinculado a la docencia, investigaci\u00f3n y extensi\u00f3n en el \u00e1mbito educativo y sus abordajes en la actualidad.<\/p>\n\n\n\n<p class=\"has-text-align-justify\">&#8211; Fomentar acciones de formaci\u00f3n en las instituciones educativas a fin de propiciar el trabajo conjunto a partir de los ejes problematizadores del congreso.<\/p>\n\n\n\n<p class=\"has-text-align-justify\">&#8211; Relanzar los sentidos de educar a la luz de la emergencia de nuevos contextos vividos como la pandemia global y sus m\u00faltiples implicaciones.<\/p>\n<\/blockquote>\n\n\n\n<p><\/p>\n\n\n\n<p><\/p>\n<\/div>\n\n\n\n<div class=\"is-layout-flow wp-block-column has-ast-global-color-6-background-color has-background\" style=\"flex-basis:30%\">\n<div style=\"height:22px\" aria-hidden=\"true\" class=\"wp-block-spacer\"><\/div>\n\n\n\n<div class=\"is-content-justification-center is-layout-flex wp-container-2 wp-block-buttons\">\n<div class=\"wp-block-button has-custom-width wp-block-button__width-75 has-custom-font-size has-large-font-size\"><a class=\"wp-block-button__link has-ast-global-color-5-color has-vivid-red-background-color has-text-color has-background wp-element-button\" href=\"https:\/\/drive.google.com\/drive\/folders\/1_7sYjv8FCkM14TsBat29frqPoNHEgWhk\" style=\"border-radius:6px\" target=\"_blank\" rel=\"noreferrer noopener\"><strong>Certificados<\/strong><\/a><\/div>\n\n\n\n<div class=\"wp-block-button has-custom-width wp-block-button__width-75\"><a class=\"wp-block-button__link has-ast-global-color-5-color has-luminous-vivid-orange-background-color has-text-color has-background wp-element-button\" href=\"https:\/\/humanas.unsl.edu.ar\/index.php\/inicio\/educo\/\" style=\"border-radius:6px\"><strong>Inicio<\/strong><\/a><\/div>\n\n\n\n<div class=\"wp-block-button has-custom-width wp-block-button__width-75\"><a class=\"wp-block-button__link has-ast-global-color-5-color has-luminous-vivid-orange-background-color has-text-color has-background wp-element-button\" href=\"https:\/\/humanas.unsl.edu.ar\/index.php\/inicio\/educo\/educo-objetivos\/\" style=\"border-radius:6px\"><strong>Objetivos<\/strong><\/a><\/div>\n\n\n\n<div class=\"wp-block-button has-custom-width wp-block-button__width-75\"><a class=\"wp-block-button__link has-ast-global-color-5-color has-luminous-vivid-orange-background-color has-text-color has-background wp-element-button\" href=\"https:\/\/humanas.unsl.edu.ar\/index.php\/inicio\/educo\/educo-ejes-tematicos\/\" style=\"border-radius:6px\"><strong>Ejes Tem\u00e1ticos<\/strong><\/a><\/div>\n\n\n\n<div class=\"wp-block-button has-custom-width wp-block-button__width-75\"><a class=\"wp-block-button__link has-ast-global-color-5-color has-luminous-vivid-orange-background-color has-text-color has-background wp-element-button\" href=\"https:\/\/humanas.unsl.edu.ar\/index.php\/inicio\/educo\/educo-circulares\/\" style=\"border-radius:6px\"><strong>Circulares<\/strong><\/a><\/div>\n\n\n\n<div class=\"wp-block-button has-custom-width wp-block-button__width-75\"><a class=\"wp-block-button__link has-ast-global-color-5-color has-luminous-vivid-orange-background-color has-text-color has-background wp-element-button\" href=\"https:\/\/humanas.unsl.edu.ar\/index.php\/inicio\/educo\/educo-programa\/\" style=\"border-radius:6px\"><strong>Programa<\/strong><\/a><\/div>\n\n\n\n<div class=\"wp-block-button has-custom-width wp-block-button__width-75\"><a class=\"wp-block-button__link has-ast-global-color-5-color has-luminous-vivid-orange-background-color has-text-color has-background wp-element-button\" href=\"https:\/\/humanas.unsl.edu.ar\/index.php\/inicio\/educo\/educo-inscripcion\/\" style=\"border-radius:6px\"><strong>Inscripci\u00f3n<\/strong><\/a><\/div>\n\n\n\n<div class=\"wp-block-button has-custom-width wp-block-button__width-75\"><a class=\"wp-block-button__link has-ast-global-color-5-color has-luminous-vivid-orange-background-color has-text-color has-background wp-element-button\" href=\"https:\/\/humanas.unsl.edu.ar\/index.php\/inicio\/educo\/educo-aranceles\/\" style=\"border-radius:6px\"><strong>Aranceles<\/strong><\/a><\/div>\n<\/div>\n\n\n\n<div style=\"height:17px\" aria-hidden=\"true\" class=\"wp-block-spacer\"><\/div>\n\n\n\n<p><\/p>\n\n\n\n<div style=\"height:90px\" aria-hidden=\"true\" class=\"wp-block-spacer\"><\/div>\n\n\n<form role=\"search\" method=\"get\" action=\"https:\/\/humanas.unsl.edu.ar\/\" class=\"wp-block-search__button-outside wp-block-search__text-button aligncenter wp-block-search\"><label for=\"wp-block-search__input-3\" class=\"wp-block-search__label\" >                             Buscar<\/label><div class=\"wp-block-search__inside-wrapper \"  style=\"width: 225px\"><input type=\"search\" id=\"wp-block-search__input-3\" class=\"wp-block-search__input wp-block-search__input\" name=\"s\" value=\"\" placeholder=\"ingreso\"  style=\"border-width: 0px;border-style: none;border-radius: 7px\" required \/><button type=\"submit\" class=\"wp-block-search__button has-background has-vivid-red-background-color wp-element-button\"  style=\"border-width: 0px;border-style: none;border-radius: 7px\" >Buscar<\/button><\/div><\/form>\n\n\n<div style=\"height:20px\" aria-hidden=\"true\" class=\"wp-block-spacer\"><\/div>\n<\/div>\n<\/div>\n\n\n\n<div style=\"height:28px\" aria-hidden=\"true\" class=\"wp-block-spacer\"><\/div>\n","protected":false},"excerpt":{"rendered":"<p>Objetivos Justificaci\u00f3n: Sosteniendo las problem\u00e1ticas que constituyeron el inter\u00e9s de este evento que \u201cno basta con proclamar los valores de la igualdad, la justicia, los derechos, si esta posici\u00f3n \u00e9tica correcta no se acompa\u00f1a con un an\u00e1lisis te\u00f3rico y emp\u00edricamente fundamentado acerca de las condiciones en que se desarrollan los procesos sociales\u201d. La complejidad de &hellip;<\/p>\n<p class=\"read-more\"> <a class=\"\" href=\"https:\/\/humanas.unsl.edu.ar\/index.php\/inicio\/educo\/educo-objetivos\/\"> <span class=\"screen-reader-text\">educo-objetivos<\/span> Leer m\u00e1s &raquo;<\/a><\/p>\n","protected":false},"author":1,"featured_media":0,"parent":13004,"menu_order":2,"comment_status":"closed","ping_status":"closed","template":"","meta":{"site-sidebar-layout":"default","site-content-layout":"","ast-site-content-layout":"default","site-content-style":"default","site-sidebar-style":"default","ast-global-header-display":"","ast-banner-title-visibility":"","ast-main-header-display":"","ast-hfb-above-header-display":"","ast-hfb-below-header-display":"","ast-hfb-mobile-header-display":"","site-post-title":"","ast-breadcrumbs-content":"","ast-featured-img":"","footer-sml-layout":"","theme-transparent-header-meta":"","adv-header-id-meta":"","stick-header-meta":"","header-above-stick-meta":"","header-main-stick-meta":"","header-below-stick-meta":"","astra-migrate-meta-layouts":"set","ast-page-background-enabled":"default","ast-page-background-meta":{"desktop":{"background-color":"var(--ast-global-color-4)","background-image":"","background-repeat":"repeat","background-position":"center center","background-size":"auto","background-attachment":"scroll","background-type":"","background-media":"","overlay-type":"","overlay-color":"","overlay-gradient":""},"tablet":{"background-color":"","background-image":"","background-repeat":"repeat","background-position":"center center","background-size":"auto","background-attachment":"scroll","background-type":"","background-media":"","overlay-type":"","overlay-color":"","overlay-gradient":""},"mobile":{"background-color":"","background-image":"","background-repeat":"repeat","background-position":"center center","background-size":"auto","background-attachment":"scroll","background-type":"","background-media":"","overlay-type":"","overlay-color":"","overlay-gradient":""}},"ast-content-background-meta":{"desktop":{"background-color":"var(--ast-global-color-5)","background-image":"","background-repeat":"repeat","background-position":"center center","background-size":"auto","background-attachment":"scroll","background-type":"","background-media":"","overlay-type":"","overlay-color":"","overlay-gradient":""},"tablet":{"background-color":"var(--ast-global-color-5)","background-image":"","background-repeat":"repeat","background-position":"center center","background-size":"auto","background-attachment":"scroll","background-type":"","background-media":"","overlay-type":"","overlay-color":"","overlay-gradient":""},"mobile":{"background-color":"var(--ast-global-color-5)","background-image":"","background-repeat":"repeat","background-position":"center center","background-size":"auto","background-attachment":"scroll","background-type":"","background-media":"","overlay-type":"","overlay-color":"","overlay-gradient":""}}},"_links":{"self":[{"href":"https:\/\/humanas.unsl.edu.ar\/index.php\/wp-json\/wp\/v2\/pages\/13036"}],"collection":[{"href":"https:\/\/humanas.unsl.edu.ar\/index.php\/wp-json\/wp\/v2\/pages"}],"about":[{"href":"https:\/\/humanas.unsl.edu.ar\/index.php\/wp-json\/wp\/v2\/types\/page"}],"author":[{"embeddable":true,"href":"https:\/\/humanas.unsl.edu.ar\/index.php\/wp-json\/wp\/v2\/users\/1"}],"replies":[{"embeddable":true,"href":"https:\/\/humanas.unsl.edu.ar\/index.php\/wp-json\/wp\/v2\/comments?post=13036"}],"version-history":[{"count":6,"href":"https:\/\/humanas.unsl.edu.ar\/index.php\/wp-json\/wp\/v2\/pages\/13036\/revisions"}],"predecessor-version":[{"id":14320,"href":"https:\/\/humanas.unsl.edu.ar\/index.php\/wp-json\/wp\/v2\/pages\/13036\/revisions\/14320"}],"up":[{"embeddable":true,"href":"https:\/\/humanas.unsl.edu.ar\/index.php\/wp-json\/wp\/v2\/pages\/13004"}],"wp:attachment":[{"href":"https:\/\/humanas.unsl.edu.ar\/index.php\/wp-json\/wp\/v2\/media?parent=13036"}],"curies":[{"name":"wp","href":"https:\/\/api.w.org\/{rel}","templated":true}]}}