{"id":2978,"date":"2022-06-26T23:14:39","date_gmt":"2022-06-27T02:14:39","guid":{"rendered":"https:\/\/humanas.unsl.edu.ar\/?page_id=2978"},"modified":"2025-11-20T19:13:39","modified_gmt":"2025-11-20T22:13:39","slug":"especializacion-en-primeras-infancias","status":"publish","type":"page","link":"https:\/\/humanas.unsl.edu.ar\/index.php\/inicio\/carreras\/carreras-de-posgrado\/especializacion-en-primeras-infancias\/","title":{"rendered":"Especializaci\u00f3n en Primeras Infancias."},"content":{"rendered":"\n<div style=\"height:25px\" aria-hidden=\"true\" class=\"wp-block-spacer\"><\/div>\n\n\n\n<h6 class=\"wp-elements-157afa04f6b7b12cd19cfd7a6f23922b alignwide has-ast-global-color-3-color has-text-color has-background has-link-color\" id=\"inicio\" style=\"background-color:#fde2cb;line-height:1.5\"><a href=\"https:\/\/humanas.unsl.edu.ar\/\" data-type=\"page\" data-id=\"264\">Inicio<\/a> \/ <a href=\"https:\/\/humanas.unsl.edu.ar\/index.php\/carreras\/carreras-de-posgrado\/\" data-type=\"page\" data-id=\"799\">Carreras de Posgrado<\/a> \/ Especializaci\u00f3n en Primeras Infancias<\/h6>\n\n\n\n<div style=\"height:25px\" aria-hidden=\"true\" class=\"wp-block-spacer\"><\/div>\n\n\n\n<div class=\"is-content-justification-center is-layout-flex wp-container-1 wp-block-buttons\">\n<div class=\"wp-block-button has-custom-width wp-block-button__width-50\"><a class=\"wp-block-button__link has-ast-global-color-5-color has-text-color has-background wp-element-button\" href=\"http:\/\/posgrado.unsl.edu.ar\/\" style=\"border-radius:7px;background-color:#ed6f03\">Posgrado UNSL<\/a><\/div>\n<\/div>\n\n\n\n<div style=\"height:17px\" aria-hidden=\"true\" class=\"wp-block-spacer\"><\/div>\n\n\n\n<div class=\"is-layout-flex wp-container-6 wp-block-columns alignwide are-vertically-aligned-top\">\n<div class=\"is-layout-flow wp-block-column is-vertically-aligned-top\" style=\"flex-basis:66.66%\">\n<h4 class=\"alignfull has-text-color has-background\" id=\"bienvenidx-a-la-facultad-de-ciencias-humanas\" style=\"color:#ffffff;background-color:#ed6f03;line-height:1.5\">Especializaci\u00f3n en Primeras Infancias<\/h4>\n\n\n\n<blockquote class=\"wp-block-quote\">\n<figure class=\"wp-block-image aligncenter size-full\"><a href=\"https:\/\/humanas.unsl.edu.ar\/wp-content\/uploads\/2025\/11\/afiche_epi_cohorte_2026-gde.png\"><img decoding=\"async\" loading=\"lazy\" width=\"298\" height=\"373\" src=\"https:\/\/humanas.unsl.edu.ar\/wp-content\/uploads\/2025\/11\/afiche_epi_cohorte_2026-300x373-1.png\" alt=\"\" class=\"wp-image-14111\" srcset=\"https:\/\/humanas.unsl.edu.ar\/wp-content\/uploads\/2025\/11\/afiche_epi_cohorte_2026-300x373-1.png 298w, https:\/\/humanas.unsl.edu.ar\/wp-content\/uploads\/2025\/11\/afiche_epi_cohorte_2026-300x373-1-240x300.png 240w\" sizes=\"(max-width: 298px) 100vw, 298px\" \/><\/a><\/figure>\n\n\n\n<p class=\"has-text-align-justify\"><strong>La Especializaci\u00f3n en Primeras Infancias<\/strong> es un espacio de formaci\u00f3n que articula diversas perspectivas anal\u00edticas, comprometido con la formulaci\u00f3n de proyectos de intervenci\u00f3n alternativos a la vulneraci\u00f3n de los derechos de las infancias. Articula conocimientos y saberes desde diferentes campos disciplinares y de intervenci\u00f3n para problematizar la categor\u00eda \u201cInfancias\u201d.<\/p>\n\n\n\n<p class=\"has-text-align-justify\">Su plan de estudios supone 360 horas reloj, presenciales, sin incluir las destinadas a la elaboraci\u00f3n del trabajo final integrador. Se centra en tres grandes m\u00f3dulos:<\/p>\n\n\n\n<p class=\"has-text-align-justify\">1) La construcci\u00f3n socio-hist\u00f3rica-pol\u00edtica de las infancias desde diversos campos disciplinares: discursos y pr\u00e1cticas desde el campo educativo, psicol\u00f3gico, salud y&nbsp; jur\u00eddico-pol\u00edtico en torno a las infancias.<\/p>\n\n\n\n<p>2) Los aportes de la sociolog\u00eda, la antropolog\u00eda y la epistemolog\u00eda.<\/p>\n\n\n\n<p class=\"has-text-align-justify\">3) Construcci\u00f3n de nuevos sentidos, desaf\u00edos en torno a las primeras infancias: seminario-taller de elaboraci\u00f3n de proyectos I y II.<\/p>\n\n\n\n<p class=\"has-text-align-justify\">Est\u00e1 destinada a profesionales que se desempe\u00f1an en m\u00faltiples campos vinculados con las primeras infancias, tales como: docentes, m\u00e9dicos, abogados, enfermeras, kinesi\u00f3logos, trabajadores sociales, nutricionistas, psic\u00f3logos, entre otros.<\/p>\n\n\n\n<p class=\"has-text-align-justify\">Se espera formar un profesional especializado en problem\u00e1ticas referidas a las Primeras Infancias, capaces de desarrollar un pensamiento cr\u00edtico; que puedan participar e intervenir en la definici\u00f3n de la agenda p\u00fablica sobre las infancias y, al mismo tiempo, planificar e impulsar propuestas de intervenci\u00f3n que propicien transformaciones en la atenci\u00f3n, cuidado y educaci\u00f3n de las primeras infancias.<\/p>\n<\/blockquote>\n\n\n\n<h5 class=\"alignfull has-luminous-vivid-amber-background-color has-text-color has-background\" id=\"bienvenidx-a-la-facultad-de-ciencias-humanas\" style=\"color:#ffffff;letter-spacing:0px;line-height:1.5\">Plan de Estudio y reglamentaciones<\/h5>\n\n\n\n<div class=\"is-layout-flex wp-container-3 wp-block-columns\">\n<div class=\"is-layout-flow wp-block-column\" style=\"flex-basis:100%\">\n<blockquote class=\"wp-block-quote\">\n<p class=\"wp-elements-86cd9a645de618db88c9940f3e53f178 has-link-color\"><strong><a href=\"https:\/\/humanas.unsl.edu.ar\/wp-content\/uploads\/2024\/07\/OCD-001-2018.pdf\">OCD &#8211; 001\/18<\/a><\/strong>. Creaci\u00f3n de la Carrera: <strong>Especializaci\u00f3n en Primeras Infancias.<\/strong><br><a href=\"http:\/\/digesto.unsl.edu.ar\/docs\/201804\/20180417110030_11888.pdf\"><strong>OCS &#8211; 10\/18<\/strong><\/a>. Ratificaci\u00f3n y homologaci\u00f3n por Consejo Superior de OCS &#8211; 001\/18.<br><strong><a href=\"https:\/\/humanas.unsl.edu.ar\/wp-content\/uploads\/2024\/07\/OCD-002-2018.pdf\">OCD &#8211; 002\/18<\/a><\/strong>. Reglamentaci\u00f3n Interna.<br><a href=\"https:\/\/humanas.unsl.edu.ar\/wp-content\/uploads\/2024\/07\/DCONEAU-EPI-2019.pdf\"><strong>DCONEAU-2019<\/strong><\/a>. Categorizaci\u00f3n: Reconocimiento Oficial Provisorio. (CONEAU)<br><a href=\"http:\/\/digesto.unsl.edu.ar\/docs\/201803\/20180319091242_15180.pdf\"><strong>RCD &#8211; 028\/18<\/strong><\/a>. Cuerpo Docente. <br><a href=\"http:\/\/digesto.unsl.edu.ar\/docs\/201803\/20180319092019_22922.pdf\"><strong>RCD &#8211; 29\/18<\/strong><\/a>. Integrantes Comit\u00e9 Acad\u00e9mico.<br><strong><a href=\"http:\/\/digesto.unsl.edu.ar\/docs\/202306\/20230608133853_4204.pdf\">RCD &#8211; 104\/23<\/a><\/strong> &#8211; Designaci\u00f3n de Autoridades de la Carrera. Nuevo.<\/p>\n<\/blockquote>\n<\/div>\n<\/div>\n\n\n\n<h5 class=\"alignfull has-text-color has-background\" id=\"documentacion-requerida-para-el-ingreso-a-la-fch\" style=\"color:#ffffff;background-color:#f18c12;line-height:1.5\">Documentaci\u00f3n requerida para la inscripci\u00f3n<\/h5>\n\n\n\n<blockquote class=\"wp-block-quote\">\n<p class=\"has-text-align-center has-medium-font-size\"><strong>Apertura nueva Cohorte 2026<\/strong><\/p>\n\n\n\n<p class=\"has-text-align-center has-luminous-vivid-amber-color has-text-color\" style=\"font-size:19px\"><strong>Inscripciones abiertas<\/strong><\/p>\n\n\n\n<p class=\"has-luminous-vivid-orange-color has-text-color\"><strong>Documentaci\u00f3n requerida:<\/strong><\/p>\n\n\n\n<p class=\"wp-elements-1dceb26360da4c6af29c8f1de908feb6 has-ast-global-color-7-color has-text-color has-link-color\">* <a href=\"https:\/\/humanas.unsl.edu.ar\/wp-content\/uploads\/2025\/11\/epi-modelo-nota.doc\"><img decoding=\"async\" loading=\"lazy\" width=\"20\" height=\"19\" class=\"wp-image-6064\" style=\"width: 20px;\" src=\"https:\/\/humanas.unsl.edu.ar\/wp-content\/uploads\/2023\/04\/gif_word4-gif-e1682429452897.jpg\" alt=\"\"><\/a> &#8211; <strong><a href=\"https:\/\/humanas.unsl.edu.ar\/wp-content\/uploads\/2025\/11\/epi-modelo-nota.doc\">Nota de presentaci\u00f3n<\/a><\/strong>: (descargar nota modelo)<br>* Fotocopia del DNI. Anverso y reverso. <br>* Fotocopia legalizada del <strong>Certificado Anal\u00edtico del T\u00edtulo<\/strong>. <br>* Curriculum vitae.<br>* <a href=\"https:\/\/humanas.unsl.edu.ar\/wp-content\/uploads\/2025\/11\/ficha-inscripcion-2025-2026.doc\"><img decoding=\"async\" loading=\"lazy\" width=\"20\" height=\"19\" class=\"wp-image-6064\" style=\"width: 20px;\" src=\"https:\/\/humanas.unsl.edu.ar\/wp-content\/uploads\/2023\/04\/gif_word4-gif-e1682429452897.jpg\" alt=\"\"><\/a> &#8211; <strong><a href=\"https:\/\/humanas.unsl.edu.ar\/wp-content\/uploads\/2025\/11\/ficha-inscripcion-2025-2026.doc\">Formulario de inscripci\u00f3n<\/a><\/strong>. Deber\u00e1 constar el \u00faltimo domicilio vigente. (descargar formulario)<\/p>\n\n\n\n<p class=\"wp-elements-40aacf34a71857a09f5e9e1b14554b96 has-ast-global-color-7-color has-text-color has-link-color\">* Dicha documentaci\u00f3n se deber\u00e1 presentar por <strong>mesa de entradas<\/strong> de la FCH. <a href=\"mailto:mesadeentradasfch@gmail.com\">mesadeentradasfch@gmail.com<\/a><br><\/p>\n<\/blockquote>\n\n\n\n<h5 class=\"alignfull has-white-color has-text-color has-background\" id=\"documentacion-requerida-para-el-ingreso-a-la-fch\" style=\"background-color:#f8b719;letter-spacing:0px;line-height:1.5\">Aranceles<\/h5>\n\n\n\n<blockquote class=\"wp-block-quote\">\n<p class=\"has-text-align-center has-medium-font-size\"><strong>Cohorte 2025-2026<\/strong><\/p>\n\n\n\n<p><strong>Valor de las cuotas (16 cuotas y 2 cuotas inscripci\u00f3n)<\/strong><\/p>\n\n\n\n<p>* Docentes del Nivel Inicial de la Escuela Normal Juan P. Pringles: $ 35000.-<br>* Profesionales del Hospital Pedi\u00e1trico San Luis: $ 35000.-<br>* Docentes de la UNSL, docentes del Jard\u00edn Maternal de la UNSL y del Nivel Primario de la Escuela Normal Juan P. Pringles: $ 38000.-<br>* Egresados de la UNSL: $ 38000.-<br>* Egresados de otra universidad: $ 40000.-<br>* Estudiantes extranjeros: U$$ 600.-<\/p>\n<\/blockquote>\n<\/div>\n\n\n\n<div class=\"is-layout-flow wp-block-column is-vertically-aligned-top\" style=\"flex-basis:33.33%\">\n<h4 class=\"has-text-align-center has-white-color has-luminous-vivid-orange-background-color has-text-color has-background\" style=\"line-height:1.4\">Contactos<\/h4>\n\n\n\n<p class=\"has-text-align-center\"><strong>Especializaci\u00f3n en Primeras Infancias<\/strong><br>Mail: <a href=\"mailto:espprimerasinfanciasunsl@gamil.com\">espprimerasinfanciasunsl@gmail.com<\/a><\/p>\n\n\n\n<div style=\"height:25px\" aria-hidden=\"true\" class=\"wp-block-spacer\"><\/div>\n\n\n\n<p class=\"has-text-align-center\"><strong>Autoridades:<\/strong><br>Directora:<br><strong>Dra. D\u00e9bora Lorena Ibaceta (FCH-UNSL)<\/strong><br>Co-Directora:<br><strong>Esp. Alejandra Iv\u00f3n Orellano (FCH-UNSL)<\/strong><\/p>\n\n\n\n<div style=\"height:25px\" aria-hidden=\"true\" class=\"wp-block-spacer\"><\/div>\n\n\n\n<p class=\"has-text-align-center\"><strong>Comit\u00e9 Acad\u00e9mico:<\/strong><\/p>\n\n\n\n<p class=\"has-text-align-center has-small-font-size\">Dra. D\u00e9bora Lorena Ibaceta (FCH-UNSL)<br>Esp. Alejandra Iv\u00f3n Orellano (FCH-UNSL)<br>Dra. Clotilde De Pauw (FCH-UNSL)<br>Esp. Gabriela Rosell (FCH-UNSL)<br>Dra. Laura Santill\u00e1n (UBA)<br>Dra. Lucia Lionetti (UNCPBA)<br>Dra. Gabriela Melina Luciano (FCH-UNSL)<br>Esp. Santiago Daniel Mart\u00ednez (UNSL)<br>Esp. Graciela Ya\u00f1ez (FCH-UNSL)<br><\/p>\n\n\n\n<div style=\"height:25px\" aria-hidden=\"true\" class=\"wp-block-spacer\"><\/div>\n\n\n\n<p class=\"has-text-align-center\"><strong>SECRETAR\u00cdA DE POSGRADO<br>Dra. Mar\u00eda Celeste Rom\u00e1<\/strong> <br>Sede: Secretar\u00eda de Posgrado Facultad de Ciencias Humanas<br>Edificio Rectorado. 1\u00ba Piso &#8211; Sector &#8220;B&#8221;<br>Tel\u00e9fonos: 2664 520300 Int. 5328<br>Mail:&nbsp;<a href=\"mailto:posgradoch@gmail.com\">posgradoch@gmail.com<\/a><\/p>\n\n\n\n<p><\/p>\n\n\n\n<figure class=\"wp-block-image aligncenter size-full is-resized\"><a href=\"https:\/\/fchportaldigital.unsl.edu.ar\/\"><img decoding=\"async\" loading=\"lazy\" src=\"https:\/\/humanas.unsl.edu.ar\/wp-content\/uploads\/2022\/10\/icono-portal-digital.png\" alt=\"\" class=\"wp-image-3997\" width=\"80\" height=\"80\" srcset=\"https:\/\/humanas.unsl.edu.ar\/wp-content\/uploads\/2022\/10\/icono-portal-digital.png 278w, https:\/\/humanas.unsl.edu.ar\/wp-content\/uploads\/2022\/10\/icono-portal-digital-150x150.png 150w, https:\/\/humanas.unsl.edu.ar\/wp-content\/uploads\/2022\/10\/icono-portal-digital-250x250.png 250w\" sizes=\"(max-width: 80px) 100vw, 80px\" \/><\/a><\/figure>\n<\/div>\n<\/div>\n\n\n\n<div style=\"height:24px\" aria-hidden=\"true\" class=\"wp-block-spacer\"><\/div>\n\n\n\n<div class=\"inherit-container-width is-layout-constrained wp-block-group alignfull\"><div class=\"wp-block-group__inner-container\">\n<div class=\"wp-block-cover alignfull is-light\" style=\"min-height:267px\"><span aria-hidden=\"true\" class=\"wp-block-cover__background has-background-dim-100 has-background-dim\" style=\"background-color:#d9d9d9\"><\/span><div class=\"wp-block-cover__inner-container\">\n<p class=\"has-text-align-center has-ast-global-color-8-color has-text-color has-medium-font-size\" style=\"font-style:normal;font-weight:700;line-height:1\"><strong>Pol\u00edticas de inclusi\u00f3n, g\u00e9nero y cuidado integral<\/strong><\/p>\n\n\n\n<div class=\"is-layout-flex wp-container-11 wp-block-columns alignfull\">\n<div class=\"is-layout-flow wp-block-column\">\n<figure class=\"wp-block-image size-full\"><a href=\"https:\/\/www.unsl.edu.ar\/index.php\/menu\/eti\"><img decoding=\"async\" loading=\"lazy\" width=\"480\" height=\"120\" src=\"https:\/\/humanas.unsl.edu.ar\/wp-content\/uploads\/2026\/02\/banner_protocolo_violencia_500x120-480x120-1.png\" alt=\"\" class=\"wp-image-14467\" srcset=\"https:\/\/humanas.unsl.edu.ar\/wp-content\/uploads\/2026\/02\/banner_protocolo_violencia_500x120-480x120-1.png 480w, https:\/\/humanas.unsl.edu.ar\/wp-content\/uploads\/2026\/02\/banner_protocolo_violencia_500x120-480x120-1-300x75.png 300w\" sizes=\"(max-width: 480px) 100vw, 480px\" \/><\/a><\/figure>\n<\/div>\n\n\n\n<div class=\"is-layout-flow wp-block-column\">\n<figure class=\"wp-block-image aligncenter size-full\"><a href=\"http:\/\/www.prevencionenadicciones.unsl.edu.ar\/\"><img decoding=\"async\" loading=\"lazy\" width=\"500\" height=\"120\" src=\"https:\/\/humanas.unsl.edu.ar\/wp-content\/uploads\/2026\/02\/banner_programa_adicciones_500x120.png\" alt=\"\" class=\"wp-image-14461\" srcset=\"https:\/\/humanas.unsl.edu.ar\/wp-content\/uploads\/2026\/02\/banner_programa_adicciones_500x120.png 500w, https:\/\/humanas.unsl.edu.ar\/wp-content\/uploads\/2026\/02\/banner_programa_adicciones_500x120-300x72.png 300w\" sizes=\"(max-width: 500px) 100vw, 500px\" \/><\/a><\/figure>\n<\/div>\n\n\n\n<div class=\"is-layout-flow wp-block-column has-ast-global-color-3-color has-text-color\">\n<figure class=\"wp-block-image aligncenter size-full is-style-default\"><a href=\"https:\/\/universidadydiscapacidad.unsl.edu.ar\/\"><img decoding=\"async\" loading=\"lazy\" width=\"500\" height=\"120\" src=\"https:\/\/humanas.unsl.edu.ar\/wp-content\/uploads\/2026\/02\/banner_programa_discapacidad_500x120.png\" alt=\"\" class=\"wp-image-14462\" srcset=\"https:\/\/humanas.unsl.edu.ar\/wp-content\/uploads\/2026\/02\/banner_programa_discapacidad_500x120.png 500w, https:\/\/humanas.unsl.edu.ar\/wp-content\/uploads\/2026\/02\/banner_programa_discapacidad_500x120-300x72.png 300w\" sizes=\"(max-width: 500px) 100vw, 500px\" \/><\/a><\/figure>\n<\/div>\n\n\n\n<div class=\"is-layout-flow wp-block-column has-ast-global-color-3-color has-text-color\">\n<figure class=\"wp-block-image aligncenter size-full is-style-default\"><a href=\"https:\/\/humanas.unsl.edu.ar\/index.php\/inicio\/accesibilidad\/\"><img decoding=\"async\" loading=\"lazy\" width=\"500\" height=\"120\" src=\"https:\/\/humanas.unsl.edu.ar\/wp-content\/uploads\/2026\/02\/banner_programa_accesibilidad_fch_500x120.png\" alt=\"\" class=\"wp-image-14460\" srcset=\"https:\/\/humanas.unsl.edu.ar\/wp-content\/uploads\/2026\/02\/banner_programa_accesibilidad_fch_500x120.png 500w, https:\/\/humanas.unsl.edu.ar\/wp-content\/uploads\/2026\/02\/banner_programa_accesibilidad_fch_500x120-300x72.png 300w\" sizes=\"(max-width: 500px) 100vw, 500px\" \/><\/a><\/figure>\n<\/div>\n<\/div>\n<\/div><\/div>\n<\/div><\/div>\n\n\n\n<div style=\"height:21px\" aria-hidden=\"true\" class=\"wp-block-spacer\"><\/div>\n\n\n\n<div class=\"inherit-container-width is-layout-constrained wp-block-group alignfull\"><div class=\"wp-block-group__inner-container\">\n<div class=\"inherit-container-width is-layout-constrained wp-block-group alignwide\"><div class=\"wp-block-group__inner-container\">\n<div class=\"wp-block-jetpack-layout-grid alignfull column1-desktop-grid__span-3 column1-desktop-grid__row-1 column2-desktop-grid__span-3 column2-desktop-grid__start-4 column2-desktop-grid__row-1 column3-desktop-grid__span-3 column3-desktop-grid__start-7 column3-desktop-grid__row-1 column4-desktop-grid__span-3 column4-desktop-grid__start-10 column4-desktop-grid__row-1 column1-tablet-grid__span-4 column1-tablet-grid__row-1 column2-tablet-grid__span-4 column2-tablet-grid__start-5 column2-tablet-grid__row-1 column3-tablet-grid__span-4 column3-tablet-grid__row-2 column4-tablet-grid__span-4 column4-tablet-grid__start-5 column4-tablet-grid__row-2 column1-mobile-grid__span-4 column1-mobile-grid__row-1 column2-mobile-grid__span-4 column2-mobile-grid__row-2 column3-mobile-grid__span-4 column3-mobile-grid__row-3 column4-mobile-grid__span-4 column4-mobile-grid__row-4 wp-block-jetpack-layout-gutter__medium\">\n<div class=\"wp-block-jetpack-layout-grid-column wp-block-jetpack-layout-grid__padding-none is-vertically-aligned-top\">\n<h6 class=\"has-text-align-center\" id=\"informacion-institucional\"><strong>INFORMACI\u00d3N INSTITUCIONAL<\/strong><\/h6>\n\n\n\n<p><strong>Tel\u00e9fono:<\/strong>&nbsp;+54 (0266) 4520300<\/p>\n\n\n\n<p class=\"wp-elements-e6ca50e8000ea0ddd7ca28e37e89d93a has-link-color\" style=\"font-size:15px\"><strong>Direcci\u00f3n:<\/strong>&nbsp;Ej\u00e9rcito de Los Andes 950, D5700HHW.<br>San Luis, Argentina <br><strong>\u00bfC\u00f3mo llegar?<\/strong><br><a href=\"https:\/\/goo.gl\/maps\/JfpaQGqv7zH2\" target=\"_blank\" rel=\"noopener\">Ver ubicaci\u00f3n en Google Maps<\/a><\/p>\n<\/div>\n\n\n\n<div class=\"wp-block-jetpack-layout-grid-column wp-block-jetpack-layout-grid__padding-none is-vertically-aligned-top\">\n<h6 class=\"has-text-align-center\" id=\"contactos-frecuentes\"><strong>CONTACTOS FRECUENTES<\/strong><\/h6>\n\n\n\n<p class=\"wp-elements-b1aa7a71407969e91e35537b3b790954 has-link-color\" style=\"font-size:15px\"><strong>Consultas Acad\u00e9micas:<\/strong><br><a href=\"mailto:secretar\u00eda.academica.fchumanas@gmail.com\">secretar\u00eda.academica.fchumanas@gmail.com<\/a><\/p>\n\n\n\n<p class=\"wp-elements-c03ba341c07bfc69611de1a9f7cb7103 has-link-color\"><strong><span style=\"font-size: 1em; font-family: var(--font-base, 'Noto Sans', -apple-system, BlinkMacSystemFont, 'Segoe UI', 'Roboto', 'Oxygen', 'Ubuntu', 'Cantarell', 'Fira Sans', 'Droid Sans', 'Helvetica Neue', sans-serif);\">\u00c1rea de Prensa FCH:<\/span><\/strong> <br>Mail: <a href=\"mailto:prensahumanas@gmail.com\" target=\"_blank\" rel=\"noopener\">prensahumanas@gmail.com<\/a><\/p>\n<\/div>\n\n\n\n<div class=\"wp-block-jetpack-layout-grid-column wp-block-jetpack-layout-grid__padding-none is-vertically-aligned-top\">\n<h6 class=\"has-text-align-center\"><strong>REDES SOCIALES<\/strong><\/h6>\n\n\n\n<div style=\"height:39px\" aria-hidden=\"true\" class=\"wp-block-spacer\"><\/div>\n\n\n\n<figure class=\"wp-block-image aligncenter size-large is-resized\"><a href=\"https:\/\/www.facebook.com\/FacultaddeCienciasHumanasUNSL\"><img decoding=\"async\" loading=\"lazy\" src=\"https:\/\/humanas.unsl.edu.ar\/wp-content\/uploads\/2025\/04\/2.png\" alt=\"\" width=\"50\" height=\"50\"\/><\/a><\/figure>\n\n\n\n<figure class=\"wp-block-image aligncenter size-large is-resized\"><a href=\"https:\/\/www.instagram.com\/fchunsl\/\"><img decoding=\"async\" loading=\"lazy\" src=\"https:\/\/humanas.unsl.edu.ar\/wp-content\/uploads\/2025\/04\/3.png\" alt=\"\" width=\"50\" height=\"50\"\/><\/a><\/figure>\n\n\n\n<figure class=\"wp-block-image aligncenter size-large is-resized\"><a href=\"https:\/\/www.youtube.com\/user\/FCHumanas\/featured\"><img decoding=\"async\" loading=\"lazy\" src=\"https:\/\/humanas.unsl.edu.ar\/wp-content\/uploads\/2025\/04\/4.png\" alt=\"\" width=\"50\" height=\"50\"\/><\/a><\/figure>\n<\/div>\n\n\n\n<div class=\"wp-block-jetpack-layout-grid-column wp-block-jetpack-layout-grid__padding-none is-vertically-aligned-top\">\n<h6 class=\"has-text-align-center\" id=\"mapa-del-sitio\"><strong>MAPA DEL SITIO<\/strong><\/h6>\n\n\n\n<p class=\"wp-elements-1397c35b9e2e918621157f30b7193635 has-link-color has-small-font-size\"><a href=\"https:\/\/humanas.unsl.edu.ar\/index.php\/institucional\/\"><strong>INSTITUCIONAL<\/strong><\/a><\/p>\n\n\n\n<p class=\"wp-elements-0bd3ffa8a883f0b13e6f56164c78a984 has-link-color has-small-font-size\"><strong><a href=\"https:\/\/humanas.unsl.edu.ar\/index.php\/inicio\/carreras\/\" data-type=\"page\" data-id=\"43\">CARRERAS<\/a><\/strong><\/p>\n\n\n\n<p class=\"wp-elements-e08edd761a82e37945c35feca7f941e7 has-link-color has-small-font-size\"><a href=\"https:\/\/humanas.unsl.edu.ar\/index.php\/ingreso\/\"><strong>INGRESO<\/strong><\/a><\/p>\n\n\n\n<p class=\"wp-elements-0f48f5cfddf8f1cb3cc2fc334698f944 has-link-color has-small-font-size\"><strong><a href=\"https:\/\/humanas.unsl.edu.ar\/index.php\/docentes-2\/\">DOCENTES<\/a><\/strong><\/p>\n\n\n\n<p class=\"wp-elements-798f5ae66e960f6a3984ba7e89bbb54f has-link-color has-small-font-size\"><a href=\"https:\/\/humanas.unsl.edu.ar\/index.php\/estudiantes\/\"><strong>ESTUDIANTES<\/strong><\/a><\/p>\n\n\n\n<p class=\"wp-elements-59cdf5b53d24ae7687d9ce067dc9ebd6 has-link-color has-small-font-size\"><a href=\"http:\/\/www.unsl.edu.ar\/\" target=\"_blank\" rel=\"noreferrer noopener\"><strong>UNSL<\/strong><\/a><\/p>\n\n\n\n<p class=\"wp-elements-fb03084c20f509df7c9c2962bde465ce has-link-color has-small-font-size\"><strong><a href=\"https:\/\/humanas.unsl.edu.ar\/index.php\/noticias\/\" data-type=\"page\" data-id=\"186\">NOTICIAS<\/a><\/strong><\/p>\n<\/div>\n<\/div>\n<\/div><\/div>\n<\/div><\/div>\n","protected":false},"excerpt":{"rendered":"<p>Inicio \/ Carreras de Posgrado \/ Especializaci\u00f3n en Primeras Infancias Especializaci\u00f3n en Primeras Infancias La Especializaci\u00f3n en Primeras Infancias es un espacio de formaci\u00f3n que articula diversas perspectivas anal\u00edticas, comprometido con la formulaci\u00f3n de proyectos de intervenci\u00f3n alternativos a la vulneraci\u00f3n de los derechos de las infancias. Articula conocimientos y saberes desde diferentes campos disciplinares &hellip;<\/p>\n<p class=\"read-more\"> <a class=\"\" href=\"https:\/\/humanas.unsl.edu.ar\/index.php\/inicio\/carreras\/carreras-de-posgrado\/especializacion-en-primeras-infancias\/\"> <span class=\"screen-reader-text\">Especializaci\u00f3n en Primeras Infancias.<\/span> Leer m\u00e1s &raquo;<\/a><\/p>\n","protected":false},"author":2,"featured_media":0,"parent":799,"menu_order":2,"comment_status":"closed","ping_status":"closed","template":"","meta":{"site-sidebar-layout":"default","site-content-layout":"","ast-site-content-layout":"default","site-content-style":"default","site-sidebar-style":"default","ast-global-header-display":"","ast-banner-title-visibility":"","ast-main-header-display":"","ast-hfb-above-header-display":"","ast-hfb-below-header-display":"","ast-hfb-mobile-header-display":"","site-post-title":"disabled","ast-breadcrumbs-content":"","ast-featured-img":"","footer-sml-layout":"","theme-transparent-header-meta":"","adv-header-id-meta":"","stick-header-meta":"","header-above-stick-meta":"","header-main-stick-meta":"","header-below-stick-meta":"","astra-migrate-meta-layouts":"set","ast-page-background-enabled":"default","ast-page-background-meta":{"desktop":{"background-color":"var(--ast-global-color-4)","background-image":"","background-repeat":"repeat","background-position":"center center","background-size":"auto","background-attachment":"scroll","background-type":"","background-media":"","overlay-type":"","overlay-color":"","overlay-gradient":""},"tablet":{"background-color":"","background-image":"","background-repeat":"repeat","background-position":"center center","background-size":"auto","background-attachment":"scroll","background-type":"","background-media":"","overlay-type":"","overlay-color":"","overlay-gradient":""},"mobile":{"background-color":"","background-image":"","background-repeat":"repeat","background-position":"center center","background-size":"auto","background-attachment":"scroll","background-type":"","background-media":"","overlay-type":"","overlay-color":"","overlay-gradient":""}},"ast-content-background-meta":{"desktop":{"background-color":"var(--ast-global-color-5)","background-image":"","background-repeat":"repeat","background-position":"center center","background-size":"auto","background-attachment":"scroll","background-type":"","background-media":"","overlay-type":"","overlay-color":"","overlay-gradient":""},"tablet":{"background-color":"var(--ast-global-color-5)","background-image":"","background-repeat":"repeat","background-position":"center center","background-size":"auto","background-attachment":"scroll","background-type":"","background-media":"","overlay-type":"","overlay-color":"","overlay-gradient":""},"mobile":{"background-color":"var(--ast-global-color-5)","background-image":"","background-repeat":"repeat","background-position":"center center","background-size":"auto","background-attachment":"scroll","background-type":"","background-media":"","overlay-type":"","overlay-color":"","overlay-gradient":""}}},"_links":{"self":[{"href":"https:\/\/humanas.unsl.edu.ar\/index.php\/wp-json\/wp\/v2\/pages\/2978"}],"collection":[{"href":"https:\/\/humanas.unsl.edu.ar\/index.php\/wp-json\/wp\/v2\/pages"}],"about":[{"href":"https:\/\/humanas.unsl.edu.ar\/index.php\/wp-json\/wp\/v2\/types\/page"}],"author":[{"embeddable":true,"href":"https:\/\/humanas.unsl.edu.ar\/index.php\/wp-json\/wp\/v2\/users\/2"}],"replies":[{"embeddable":true,"href":"https:\/\/humanas.unsl.edu.ar\/index.php\/wp-json\/wp\/v2\/comments?post=2978"}],"version-history":[{"count":63,"href":"https:\/\/humanas.unsl.edu.ar\/index.php\/wp-json\/wp\/v2\/pages\/2978\/revisions"}],"predecessor-version":[{"id":14114,"href":"https:\/\/humanas.unsl.edu.ar\/index.php\/wp-json\/wp\/v2\/pages\/2978\/revisions\/14114"}],"up":[{"embeddable":true,"href":"https:\/\/humanas.unsl.edu.ar\/index.php\/wp-json\/wp\/v2\/pages\/799"}],"wp:attachment":[{"href":"https:\/\/humanas.unsl.edu.ar\/index.php\/wp-json\/wp\/v2\/media?parent=2978"}],"curies":[{"name":"wp","href":"https:\/\/api.w.org\/{rel}","templated":true}]}}